0*r + 10 = 2*r. Let l = 26 - r. What is the tens digit of (-3)/l - (-337)/7?
4
Let z(u) = -u**3 + 2*u**2 - 3*u. Let w be z(4). Let h = 47 + w. Suppose -5*p + 416 = h*p. What is the tens digit of p?
5
Suppose -4*x - 2*y - 18734 + 140202 = 0, 2*y = 3*x - 91087. What is the thousands digit of x?
0
Let n(u) be the second derivative of u**4/4 + 3*u**3 - 13*u**2 - 84*u. What is the tens digit of n(6)?
9
Suppose 0 = -7*h - 5*o + 4324, 5*o - 9*o - 1230 = -2*h. What is the tens digit of h?
1
Let a = -155 + 493. Suppose -a = -11*x + 12*x. Let q = -185 - x. What is the tens digit of q?
5
Let d(s) = s**3 + 67*s**2 + 725*s - 9. What is the units digit of d(-50)?
1
Let b be (-172)/((-218)/(-27) + -8). Let q = -755 - b. What is the tens digit of q?
6
Let m(d) = 11*d**2 - 146*d - 1612. What is the hundreds digit of m(-10)?
9
Let w = 34 - 29. Suppose -w*s + r - 14 = 0, s - 10 = 3*s + 4*r. What is the hundreds digit of (2 - 0)/(-4 - s) + 110?
1
Suppose 106*p + 991004 - 3200256 = 0. What is the tens digit of p?
4
Let c(j) = -j**3 + 9*j**2 - 2*j - 4. Let f be c(8). What is the hundreds digit of f/396 - 2950/(-18)?
1
Suppose k + 7 = u + 3*k, -4*k + 20 = 4*u. Suppose -2*x = 5*p - 1139 - 150, 0 = -4*p + u*x + 1045. What is the hundreds digit of p?
2
Let v(f) = -56*f + 4. Suppose 94 = 4*h - 2*a, -9 = -2*a - a. Let t = 22 - h. What is the units digit of v(t)?
2
Suppose -1433 = 55*r - 56*r. Let t = r - 743. What is the hundreds digit of t?
6
Suppose 5*a - 3*y + 205 = 2245, -a + 3*y = -420. Let r = 728 - a. What is the tens digit of r?
2
Let h be 74 + ((0 - 2) + -1 - -2). Let u = 473 - h. What is the hundreds digit of u?
4
Suppose 2154 = 2*j + 736. Let y = j - 439. What is the units digit of y?
0
Let v be (-155)/(-35) - 12/(-21). Suppose -6 + 1 = v*q, 3*z - 2*q - 845 = 0. What is the tens digit of z?
8
Let y(w) = -w**3 + 6*w**2 + 5*w + 60. What is the thousands digit of y(-19)?
8
What is the units digit of 3 + (-3233398)/(-189) - (-8)/108?
1
What is the tens digit of (2/(-2))/((-5)/5090)*(-286)/(-44)?
1
Let h = 3 - -4. Let c = 588 + -584. Suppose c*s - h*s + 288 = 0. What is the units digit of s?
6
Suppose 309*p - 2146619 = -317648. What is the tens digit of p?
1
Let m be (-48)/(-18)*6/4. Suppose -3*g + m*l = 236, -g = l - 3*l + 76. Let b = 169 + g. What is the units digit of b?
5
Let y(i) = -i**2 - 34*i + 34. Suppose -5*g = -2*g + 45. What is the units digit of y(g)?
9
Let p(j) = -3*j + 18. Let d be p(0). Let h(g) = -30 - 12 - 5*g - d + 6. What is the units digit of h(-18)?
6
Let r(j) = -8*j**2 - 6*j**2 - 4*j**3 + j**3 + 2*j**3 + 62 - 19*j. What is the tens digit of r(-14)?
2
Suppose -69*b = -61*b - 104. Suppose 0 = -18*d - b*d + 10571. What is the tens digit of d?
4
Suppose -3*b = -3*w - 276, -2*w - 446 = 3*w + 2*b. Let x = -84 - w. Suppose -x*m + 45 = 15. What is the units digit of m?
5
Let v = 1293 - -5270. What is the hundreds digit of v?
5
Suppose -123 + 32 = 13*i. Let w = 62 + i. What is the units digit of 140 + ((-10)/w - (-2)/11)?
0
Let y be (-4 + -1)*(-10 + (-5 - -11)). Suppose -3*p - q = 2*q, 0 = q + 2. Suppose -p*v + 126 = y. What is the units digit of v?
3
Suppose 6*p = -2*p + 32. Let k be 201*((-2)/(-3))/(p/8). Let j = k + -111. What is the units digit of j?
7
Let w = 62254 - -22192. What is the hundreds digit of w?
4
Let t(f) = f**2 - 6*f + 2. Let o be t(6). Suppose i - 19 = -4*r, -3*i + 8*r + 29 = 13*r. What is the units digit of (0/i)/o - -130?
0
Let p(g) = -g**2 + 2*g - 33. Let q(l) = -2*l + 34. Let u(j) = -5*p(j) - 4*q(j). What is the hundreds digit of u(8)?
3
Suppose 0 = 5*h + q - 18 - 7, 3*q - 15 = 0. Suppose -5*r = -h*j - 1501 + 6214, -2*r - 2 = 0. What is the hundreds digit of j?
1
Let w(z) = -4*z**3 + z**2 + z + 1. Let h be w(-1). Suppose 0 = h*l - 0*l - 20. Suppose -l*y + 56 = -132. What is the tens digit of y?
4
Let n be (-3418911)/(-2109) - 2/19. Let l = n - -326. What is the units digit of l?
7
Suppose -103*q + 17939376 = 93*q + 56*q. What is the tens digit of q?
8
Let i(d) = 16*d + 99. Let l be i(5). Suppose -4*u = -249 + 5. Let k = l - u. What is the units digit of k?
8
Suppose 0 = -102*t + 95*t - 455. Let w = t - -293. What is the units digit of w?
8
Let r(m) = 2*m**2 - 167*m - 480. What is the thousands digit of r(99)?
2
Let i(d) = 4*d + 2. Let j be i(3). Suppose -347 - 157 = -j*l. Let k = l - -120. What is the hundreds digit of k?
1
Let s be (1/(-1))/(14/742). Let v = -33 - s. Suppose -u + 6*w + 162 = 4*w, 4*w = -v. What is the hundreds digit of u?
1
Suppose 0 = -t + 4*j + 15336, 2*t + 34*j = 37*j + 30642. What is the units digit of t?
2
Let p be 3 - (-4 - (-42)/2). Let u be -2 - 24/p - 174/(-21). Suppose u*l - 10*l + 112 = 0. What is the units digit of l?
6
What is the thousands digit of ((-90)/(-27))/((4/(-6))/1)*-2375?
1
Let v(n) = -9*n - 12*n - 53*n + 10 - 36*n. Let o be v(5). Let q = -348 - o. What is the tens digit of q?
9
Let t(i) be the third derivative of -149*i**6/120 + i**5/60 + i**4/2 + 31*i**3/6 - 17*i**2 - 7*i. What is the tens digit of t(-2)?
0
Suppose 7*q + 2967 = -2451. Let y = 2007 + q. What is the tens digit of y?
3
Suppose 2*r + 1 + 1 = 0, -f - r + 24 = 0. Suppose 2*w - 5*y - 64 = -2*y, 0 = -w + 5*y + f. Let m = w + 16. What is the units digit of m?
1
Suppose -2*p = -3*t + 8, -4*t = 3*p - p + 8. What is the tens digit of (-6 - t) + (-54131)/(-37)?
5
Suppose -9662 - 3526 = -12*c. Let t = c + -769. What is the hundreds digit of t?
3
Suppose 3*s - 72491 = t - 15920, -5*t = s - 18825. What is the hundreds digit of s?
8
Suppose -99*t + 47546 + 244155 = -78856. What is the units digit of t?
3
Suppose 0 = -8*y - 212*y + 2036760. What is the thousands digit of y?
9
Let d(k) = 9*k**2 + 9*k - 12. Suppose -4 = -a - 5*c, -4*c + 24 = -3*a - c. What is the tens digit of d(a)?
5
Suppose -3*r = -5*d - 0*r + 17, -d - 3*r = 11. Let z be ((-1243)/22)/(d/2). Let b = 196 + z. What is the units digit of b?
3
Let i = 6 + 0. Let p be 2 + (4 - 7) + i. Suppose -156 = -p*u - 2*n, -2*u = -u + 5*n - 45. What is the tens digit of u?
3
Let h(j) = j + 5. Let l be h(5). Suppose -2 = 2*c - l. Suppose 2*m - 5*r + 88 - 276 = 0, -c*m = 4*r - 348. What is the units digit of m?
9
Suppose 52*t + 697*t - 9747625 = 1840903. What is the ten thousands digit of t?
1
Let n = -2624 + 5114. What is the thousands digit of n?
2
Let v(o) = 79*o**3 + 2*o**2 - 3*o + 3. Let l be v(1). Suppose -7406 = 67*n - l*n. What is the units digit of n?
9
Suppose 4*r - 463 = -443. Suppose o - 217 - 732 = -5*d, -941 = -r*d + o. What is the tens digit of d?
8
Let v = 2948 + -1997. Suppose -v = -2*x + r, 5*x - 1424 = 2*x + 2*r. What is the units digit of x?
8
Let c(s) = 854*s + 7098. What is the hundreds digit of c(31)?
5
Let s be ((-9)/2)/(-3)*13048/(-84). Let b = 9 - s. What is the hundreds digit of b?
2
Let p(h) = 4834*h - 24. Let d be p(-1). What is the hundreds digit of d/(-10) - 222/(-185)?
4
Suppose 45 = 16*w - 7*w. Suppose w*b - 500 = 5*c, c - 4*c + 200 = 2*b. Suppose 2*t - 10 = 0, -5*g = t + t - b. What is the units digit of g?
8
Let f be 6 - (9 - 4 - 2). Suppose -4*p + f*o + 238 = -201, 442 = 4*p - 2*o. Suppose 20 = 6*m - p. What is the tens digit of m?
2
Suppose -5*r = -3*y + 61055, y - 20350 = 95*r - 93*r. What is the units digit of y?
0
What is the hundreds digit of (-224)/16 - 119466/(-6)?
8
Suppose 1428 = -8*o + 15*o. What is the hundreds digit of ((o/24)/(-17))/((-1)/854)?
4
Suppose 0 = -2*y + 7*y + 65. Let w = y + 13. Suppose -h + 3*l + 4 = w, -37 = 2*h - 6*h + 5*l. What is the tens digit of h?
1
What is the tens digit of (-200)/(1*20/(-830))?
0
Let c be (3 - 10)/(2/((-4)/2)). Suppose -49 + c = -6*s. Let j(f) = -f**2 + 11*f + 2. What is the tens digit of j(s)?
3
Suppose -2*f - 2*f + 8 = 0. Suppose -3*h + 2*p + 3 = -0*p, h = f*p - 3. Suppose 2*y = k + 61, -h*y - 5*k = -0*k - 59. What is the tens digit of y?
2
Let a = -632 - -642. What is the hundreds digit of -1*((-67230)/9)/a?
7
Suppose 3*u - 97122 = -2*y, 75522 + 118788 = 4*y - 5*u. What is the tens digit of y?
7
Let o = -13238 + 24855. What is the thousands digit of o?
1
Suppose -2*w + 0 = -4*r - 66, -4*w + 24 = -2*r. Let q be (r/(-4) + -2)*-2. What is the tens digit of 22 - ((-16)/4 - q)?
2
Let z(k) = 53*k - 312. Let w be z(6). What is the tens digit of (26/w)/((-2)/(-294)) + 4?
4
Let o(c) = 6*c**2 + 8*c + 36. 